ctor of 45743 and 42057465?
307
Calculate the highest common factor of 319514 and 24271.
13
Calculate the highest common factor of 549 and 90459.
9
What is the highest common factor of 70425 and 72?
9
Calculate the highest common factor of 1905574 and 1221.
407
Calculate the greatest common divisor of 39853842 and 42.
42
What is the greatest common factor of 70093967 and 1880?
47
Calculate the greatest common divisor of 93252 and 572318.
38
Calculate the highest common divisor of 2583699 and 19833.
1803
Calculate the greatest common divisor of 173984896 and 25265.
5053
Calculate the greatest common divisor of 2355727 and 12940.
647
What is the greatest common factor of 12517638 and 4557?
147
Calculate the greatest common divisor of 10046046 and 42.
6
Calculate the greatest common divisor of 336663 and 20609.
37
What is the highest common divisor of 66761 and 743625?
661
Calculate the highest common divisor of 3480 and 24400020.
1740
Calculate the highest common divisor of 46335074 and 6284.
3142
What is the highest common divisor of 2589 and 72670641?
2589
What is the greatest common divisor of 19842768 and 3168?
1584
What is the greatest common factor of 12791092 and 353596?
3244
What is the highest common divisor of 8725358 and 5038?
458
What is the greatest common divisor of 25 and 33171135?
5
Calculate the highest common factor of 268926 and 54894.
42
What is the highest common factor of 22991 and 756487?
277
Calculate the greatest common factor of 864 and 14946864.
48
Calculate the greatest common divisor of 137323 and 28673.
53
Calculate the highest common divisor of 276179 and 11174.
151
What is the highest common factor of 530691 and 1665111?
777
Calculate the highest common factor of 93555 and 10355499.
2079
Calculate the greatest common factor of 498309 and 1059387.
1281
Calculate the highest common factor of 4460 and 25834327.
223
What is the greatest common divisor of 1789 and 52530407?
1789
What is the greatest common factor of 18822890 and 4495?
155
Calculate the highest common divisor of 204884 and 16.
4
Calculate the greatest common factor of 266939 and 2279011.
1543
What is the highest common factor of 1242 and 5819598?
414
What is the greatest common factor of 7470450 and 45825?
975
Calculate the highest common divisor of 1614 and 1519459143.
807
Calculate the highest common divisor of 655160 and 11440.
440
What is the greatest common factor of 39151 and 10957486?
799
What is the highest common factor of 1221 and 13967167?
37
Calculate the greatest common factor of 59136 and 1900569.
33
Calculate the greatest common divisor of 17854680 and 4756.
164
Calculate the highest common factor of 133056 and 314406.
18
Calculate the greatest common divisor of 4009 and 1942532887.
4009
Calculate the highest common factor of 401507470 and 260.
130
Calculate the greatest common divisor of 1449 and 167710158.
1449
Calculate the greatest common factor of 80 and 3514896.
16
Calculate the greatest common divisor of 8375 and 1614825.
25
Calculate the greatest common divisor of 3480 and 318721600.
1160
What is the highest common factor of 4137 and 1860163438?
1379
What is the greatest common divisor of 80852840 and 9?
1
Calculate the greatest common factor of 3952248 and 2.
2
Calculate the highest common divisor of 14807888 and 16072.
328
What is the highest common factor of 3456 and 1132416?
1152
Calculate the highest common factor of 1312304450 and 50.
50
Calculate the greatest common divisor of 18360518 and 22.
22
Calculate the highest common divisor of 69284175 and 2850.
75
What is the greatest common divisor of 4567540 and 2224?
556
Calculate the greatest common factor of 123 and 67681488.
123
Calculate the highest common factor of 189 and 1746171.
189
Calculate the highest common divisor of 1108712511 and 612.
153
Calculate the highest common factor of 5796 and 709492.
28
Calculate the highest common factor of 7884 and 2873961.
27
What is the highest common factor of 13 and 304056883?
13
Calculate the highest common divisor of 1696 and 22483872.
1696
What is the highest common factor of 1956 and 7859697?
489
Calculate the greatest common factor of 251765 and 25198.
43
Calculate the greatest common divisor of 14238 and 809532.
2034
Calculate the highest common divisor of 2242 and 43218090.
118
What is the highest common factor of 24 and 733464876?
12
Calculate the greatest common factor of 248 and 32548543.
31
Calculate the greatest common factor of 1022 and 868189.
511
Calculate the greatest common divisor of 2241 and 214218.
27
What is the highest common factor of 389136219 and 167?
167
Calculate the greatest common factor of 11366 and 413102953.
5683
What is the greatest common divisor of 162 and 357241068?
18
Calculate the highest common factor of 3180 and 88120.
20
Calculate the greatest common divisor of 475036 and 24926.
206
Calculate the greatest common divisor of 207834 and 129578.
134
What is the greatest common divisor of 58 and 215187946?
58
Calculate the greatest common factor of 1130 and 254519505.
565
Calculate the highest common divisor of 14303627 and 26.
13
Calculate the greatest common divisor of 2637048 and 25080.
456
What is the greatest common factor of 346806 and 216?
18
Calculate the highest common divisor of 65 and 164005465.
65
Calculate the greatest common factor of 9685024 and 1334.
46
Calculate the greatest common factor of 11983757 and 145.
29
Calculate the highest common factor of 187 and 303545.
11
Calculate the greatest common divisor of 6003504 and 156.
156
Calculate the greatest common divisor of 56547184 and 212.
212
What is the greatest common divisor of 2 and 2009741?
1
Calculate the greatest common divisor of 45062867 and 202.
101
What is the greatest common divisor of 3666022 and 54522?
466
What is the highest common factor of 46243662 and 36?
6
Calculate the greatest common divisor of 60172157 and 241.
241
What is the highest common divisor of 8265 and 9799535?
2755
What is the highest common divisor of 1329 and 275979?
3
Calculate the highest common factor of 37324 and 11984.
28
Calculate the greatest common factor of 5646390 and 1110.
30
Calculate the highest common factor of 5837 and 1139113.
449
What is the highest common factor of 6642323 and 6769?
967
Calculate the highest common divisor of 13454 and 87026238.
1922
What is the greatest common factor of 208615 and 130130?
55
What is the greatest common factor of 721526785 and 105?
35
What is the highest common divisor of 180931 and 245021?
493
What is the greatest common factor of 450221211 and 297?
99
Calculate the greatest common divisor of 1472 and 2633332928.
1472
Calculate the highest common divisor of 50 and 86931350.
50
Calculate the highest common factor of 665572 and 156.
4
What is the greatest common divisor of 984000 and 256?
64
What is the greatest common divisor of 77140 and 203406?
406
Calculate the greatest common divisor of 6173856 and 952.
136
Calculate the highest common divisor of 9611570 and 10.
10
What is the greatest common divisor of 36459 and 6141316?
4051
What is the greatest common factor of 7013593 and 213?
71
Calculate the highest common divisor of 4147590 and 4830.
690
Calculate the highest common factor of 1011 and 20204835.
1011
Calculate the highest common divisor of 183975 and 1351603.
2453
What is the greatest common divisor of 63000 and 252462?
42
What is the greatest common divisor of 1173237 and 1570413?
2613
Calculate the greatest common factor of 209667 and 23547.
141
What is the highest common factor of 16040639 and 204?
17
What is the greatest common factor of 6270 and 149446?
22
Calculate the greatest common factor of 109791098 and 23.
23
What is the greatest common divisor of 301856380 and 210?
70
Calculate the greatest common divisor of 316 and 1117159540.
316
What is the highest common divisor of 129183 and 4917?
447
Calculate the highest common divisor of 2945218 and 12895.
2579
Calculate the highest common factor of 99 and 1124453286.
99
What is the greatest common divisor of 153285 and 4356?
33
What is the greatest common factor of 9751012 and 1589?
227
What is the highest common divisor of 104333 and 133926?
101
What is the highest common factor of 3351 and 115256528?
1117
Calculate the grea